1*x**2 - 25*x - 21. Determine n(-7).
7
Let p(m) = -m**3 - 17*m**2 + m + 59. What is p(-17)?
42
Let m(l) = -l**2 + 4*l - 3. What is m(3)?
0
Let k(m) = -10*m - 60. What is k(-7)?
10
Let d(g) = -g**2 - 8*g - 20. Calculate d(-6).
-8
Let k(a) = 3*a**2 - 97*a + 38. Determine k(32).
6
Let t(y) = y**2 + 20*y - 25. Calculate t(-22).
19
Let r(o) = -o**2 + 19*o - 1. What is r(19)?
-1
Let h(a) = -a**3 + 11*a**2 - 2*a - 10. Determine h(11).
-32
Let d(k) = k**3 - 11*k**2 + 14*k - 25. Give d(10).
15
Let k(j) = -3*j - 19. Calculate k(-5).
-4
Let c(p) = p**3 + 4*p**2 + p. Give c(-3).
6
Let b(j) = 14*j**2 - 2*j + 2. What is b(2)?
54
Let o(t) = 21*t**3 - 2*t**2 - 5*t - 3. Calculate o(-2).
-169
Let r(f) = -f**2 + 7*f - 11. What is r(7)?
-11
Let s(l) = l**3 - 3*l**2 + l + 3. What is s(2)?
1
Let d(m) = m**3 - 11*m**2 + m - 20. What is d(11)?
-9
Let b(k) = k**3 - 14*k**2 + 4*k - 13. Determine b(14).
43
Let c(r) = -3*r**3 + 127*r**2 - 42*r + 7. What is c(42)?
7
Let j(c) = 2*c**2 - 18*c + 15. Determine j(8).
-1
Let a(i) = -i**3 - 2*i**2 + 2*i - 2. Determine a(-4).
22
Let i(x) = -40*x**3 - x**2 + x + 1. What is i(-1)?
39
Let t(a) = a**2 - 15*a + 19. Calculate t(13).
-7
Let k(w) = w**3 - 27*w**2 + 4*w - 108. Give k(27).
0
Let f(l) = 7*l - 95. Calculate f(11).
-18
Let o(z) = z**3 - 6*z**2 + 6*z + 5. What is o(5)?
10
Let j(g) = g**2 + 4*g + 1. Determine j(-6).
13
Let t(f) = -f + 25. Calculate t(6).
19
Let b(l) = -3*l**2 - 27*l - 36. What is b(-5)?
24
Let t(s) = -s**3 - 15*s**2 - 23*s + 40. Give t(-13).
1
Let t(s) = -20*s**2 + 8*s + 8. Determine t(-1).
-20
Let m(i) = i**2 + 54*i - 359. Calculate m(6).
1
Let p(v) = -v**2 - 10*v + 74. Determine p(5).
-1
Let k(r) = -r**3 + 7*r**2 - 3*r - 16. What is k(6)?
2
Let s(m) = 3*m**2 - 48*m + 59. Calculate s(15).
14
Let s(d) = -d**3 - 7*d**2 + 8*d - 9. Give s(-8).
-9
Let m(x) = x**2 + 19*x - 43. Calculate m(-19).
-43
Let r(u) = -2*u - 13. Give r(-7).
1
Let g(k) = 25*k + 11. Determine g(-3).
-64
Let z(j) = -6*j - 54. Give z(-8).
-6
Let y(g) = g**2 + 21*g + 15. What is y(-20)?
-5
Let k(h) = h**3 - 6*h**2 - 7*h - 11. Calculate k(7).
-11
Let q(j) = -3*j**2 + 7*j + 22. Calculate q(5).
-18
Let x(g) = -g**3 + 4*g**2 - 13*g + 47. Determine x(4).
-5
Let r(l) = 2*l. Calculate r(8).
16
Let z(i) = 16*i - 2. Calculate z(3).
46
Let g(p) = 4*p**3 - 46*p**2 + 62*p - 20. What is g(10)?
0
Let w(h) = -h**3 - 15*h**2 - h + 19. Give w(-15).
34
Let w(t) = -t**3 - 6*t**2 - 7*t - 7. Calculate w(-5).
3
Let w(y) = -12*y + 69. Give w(6).
-3
Let o(c) = c**2 - 22*c + 103. Give o(16).
7
Let y(s) = -10*s**2 - s - 1. Calculate y(2).
-43
Let u(j) = j**2 - 38*j + 192. Calculate u(31).
-25
Let z(j) = j + 1. What is z(-6)?
-5
Let m(a) = a + 9. Give m(0).
9
Let z(o) = -o**3 + 6*o**2 - 2*o - 11. Determine z(6).
-23
Let m(q) = 2*q**3 + 4*q**2 - 4*q + 3. Give m(3).
81
Let u(r) = 2*r + 22. Determine u(-13).
-4
Let u(b) = -b**3 + 12*b**2 - 3*b + 31. What is u(12)?
-5
Let s(g) = -2*g - 3. Calculate s(2).
-7
Let h(j) = j**3 - 7*j**2 + 5*j - 8. Calculate h(7).
27
Let s(u) = u**3 - 9*u**2 + 15. Give s(9).
15
Let n(y) = 25*y + 44. Give n(-2).
-6
Let i(h) = 12*h + 9. Calculate i(5).
69
Let f(g) = 26*g - 7. Give f(1).
19
Let q(y) = -y**2 + 3*y + 34. Give q(0).
34
Let k(a) = -a**2 + 12*a - 3. What is k(11)?
8
Let s(l) = 12*l - 73. What is s(7)?
11
Let w(h) = h**2 + 8*h - 20. Calculate w(-8).
-20
Let p(x) = x**2 - 18*x - 2. Calculate p(19).
17
Let z(i) = i**3 - 11*i**2 + i - 3. Determine z(11).
8
Let m(d) = -d**3 + 2*d**2 + 3*d + 9. What is m(5)?
-51
Let c(x) = x**3 - 22*x**2 + 23*x - 3. Give c(21).
39
Let l(t) = -t**2 + 10*t + 172. Give l(19).
1
Let y(i) = -3*i**2 - 46*i - 20. Calculate y(-15).
-5
Let p(n) = -6*n**3. Calculate p(-1).
6
Let d(l) = l**2 - 13*l + 20. What is d(2)?
-2
Let i(d) = -3*d + 10. Calculate i(-11).
43
Let x(m) = m + 15. What is x(0)?
15
Let k(d) = -d**2 - 4*d - 6. Calculate k(-2).
-2
Let r(o) = 2*o**2 + 4. Determine r(-2).
12
Let k(h) = 3*h + 1. Give k(0).
1
Let h(f) = 4*f**2 - 15. Calculate h(0).
-15
Let n(q) = q**3 - 23*q**2 - 3*q + 52. What is n(23)?
-17
Let c(n) = n + 12. Calculate c(-8).
4
Let z(o) = o**3 - 6*o**2 - o - 7. Give z(6).
-13
Let d(k) = 20*k + 164. What is d(-8)?
4
Let f(n) = n**3 + 5*n**2 + 2*n + 1. Determine f(-5).
-9
Let j(k) = -k**3 - 24*k**2 + 3*k + 81. Give j(-24).
9
Let z(k) = -4*k**2 + 2. Give z(-2).
-14
Let c(z) = 2*z + 2. Calculate c(-4).
-6
Let x(s) = -s**3 + 3*s**2 + 36*s - 9. Give x(6).
99
Let a(g) = 3*g - 30. Determine a(6).
-12
Let l(q) = 6*q**2 + 24*q - 2. What is l(-5)?
28
Let l(v) = v**2 + 11*v - 14. What is l(-12)?
-2
Let y(g) = -2*g**3 - g**2 + 9*g - 4. Determine y(-4).
72
Let s(f) = -f**3 + 6*f**2 + 4*f - 45. Determine s(4).
3
Let w(r) = -r**3 - 8*r**2 - 7*r + 5. What is w(-6)?
-25
Let t(f) = -4*f**2 + 6*f - 9. Give t(3).
-27
Let c(h) = h**2 - 21*h - 48. What is c(22)?
-26
Let t(f) = 36*f + 18. Calculate t(-1).
-18
Let a(l) = -l**2 + 8*l - 18. Give a(5).
-3
Let c(y) = -y - 16. Calculate c(-6).
-10
Let l(g) = g**3 - 9*g**2 + 21*g - 6. Calculate l(5).
-1
Let d(l) = 21*l + 205. Calculate d(-10).
-5
Let s(r) = -r**2 - 21*r + 13. Calculate s(-22).
-9
Let i(x) = x**3 - 18*x**2 - 20*x + 7. Calculate i(19).
-12
Let w(y) = -4*y**2 + 27*y - 28. Give w(5).
7
Let h(y) = -52*y - 157. Calculate h(-3).
-1
Let l(t) = -19*t - 6. Give l(0).
-6
Let u(s) = 25*s**2 + 80*s + 10. What is u(-3)?
-5
Let x(d) = -7*d - 153. Calculate x(-21).
-6
Let y(v) = v - 2. Determine y(-3).
-5
Let u(v) = -v**2 - 16*v - 22. Give u(-14).
6
Let x(f) = f**2 + 42*f + 222. Give x(-36).
6
Let i(g) = -2*g**3 - 12*g**2 + 2*g + 6. Calculate i(-6).
-6
Let u(o) = 3*o**2 - 6*o - 3. What is u(-5)?
102
Let g(u) = -u**2 - 13*u - 22. What is g(-15)?
-52
Let i(r) = -2*r**2 - 16*r - 29. What is i(-2)?
-5
Let s(y) = -4*y - 7. Determine s(0).
-7
Let g(u) = u**3 + 8*u**2 - 15*u - 61. Calculate g(-9).
-7
Let q(m) = m**3 - 8*m**2 + 3*m - 18. Determine q(8).
6
Let r(q) = 107*q + 4. Give r(2).
218
Let m(b) = -b**2 - 18*b - 15. Calculate m(-11).
62
Let f(h) = -h**2 + 6*h + 1. Calculate f(5).
6
Let c(b) = -b**3 - 7*b**2 - 6*b - 18. Give c(-6).
-18
Let x(l) = 4*l**3 + 48*l**2 - 10*l - 126. Calculate x(-12).
-6
Let h(c) = -c**3 + 73*c**2 - 70*c - 138. What is h(72)?
6
Let j(v) = -v**2 + 7*v - 4. Calculate j(4).
8
Let l(m) = -m**3 + 5*m**2 + 2*m - 6. Calculate l(5).
4
Let o(z) = -z**2 - 18*z + 39. What is o(-20)?
-1
Let f(v) = v**2 + 12*v + 11. Calculate f(-9).
-16
Let z(j) = -j**2 + 5*j + 8. What is z(9)?
-28
Let w(a) = -a**3 - 17*a**2 - 21*a - 4. What is w(-15)?
-139
Let z(p) = -p**3 + 25*p**2 + 25*p + 13. Calculate z(26).
-13
Let j(x) = -x**3 - 19*x**2 - 18*x + 2. What is j(-18)?
2
Let c(v) = v**2 + 17*v - 26. Give c(-19).
12
Let f(b) = 6*b**3 + 2*b**2 + b. Give f(-1).
-5
Let g(o) = -o**3 + 8*o**2 - 7*o - 3. Give g(7).
-3
Let i(o) = -o**3 - 14*o**2 + o + 15. What is i(-14)?
1
Let z(q) = q**3 + 4*q**2 + 7*q + 13. Determine z(-4).
-15
Let d(a) = -4*a**2 - 15*a - 11. What is d(-3)?
-2
Let y(d) = 56*d - 165. Determine y(3).
3
Let a(k) = -k**3 + 25*k**2 + 22*k + 97. Determine a(26).
-7
Let c(s) = -34*s**2 - 2*s. Calculate c(-1).
-32
Let h(s) = -10*s**3 - 2*s**2 - 2*s. Give h(-3).
258
Let w(k) = -k**2 + 7*k + 8. What is w(8)?
0
Let a(i) = -i**3 - 9*i**2 - 7*i + 10. Calculate a(-8).
2
Let d(c) = c**3 - 7*c**2 - 8*c - 10. Determine d(8).
-10
Let n(u) = -u**3 + 19*u**2 - 3*u + 55. What is n(19)?
-2
Let h(t) = -t**3 - 4*t**2 - 5*t - 9. Give h(-3).
-3
Let b(n) = -113*n + 7. Give b(1).
-106
Let v(c) = c**2 - 12*c + 14. Give v(9).
-13
Let z(d) = -d**3 - 4*d**2 - 2*d + 2. What is z(-3)?
-1
Let d(l) = 72*l + 426. Determine d(-6).
-6
Let g(b) = -b**3 - 7*b**2 - b - 4. Calculate g(-7).
3
Let c(i) = -i**2 - 10*i - 12. Determine c(-8).
4
Let b(f) = 2*f - 1. Determine b(6).
11
Let f(l) = -l - 14. Determine f(-4).
-10
Let u(b) = b**2 + 12*b - 31. Give u(2).
-3
Let l(r) = -r**3 + 7*r**2 - 8*r + 5. Calculate l(6).
-7
Let f(n) = -2*n**2 - 8*n - 11. Calculate f(-6).
-35
Let z(t) = -9*t**2 - 12*t - 10. Determine z(-1).
-7
Let g(v) = -v**2 - 5*v - 7. Calculate g(-3).
-1
Let l(q) = 6*q**2 - 156*q + 4. What is l(26)?
4
Let k(q) = -q**2 - 14*q + 20. Give k(-14).
20
Let c(d) = -d**3 - 11*d**2 + d - 14. Determine c(-11).
-25
Let d(l) = l**3 + 3*l**2 - 7*l - 6. Determine d(-4).
6
Let m(w) = -3*w**2 - 5*w + 4. What is 